 is divided by 339?
128
What is the remainder when 3462 is divided by 11?
8
Calculate the remainder when 481 is divided by 97.
93
Calculate the remainder when 132 is divided by 32.
4
Calculate the remainder when 540 is divided by 64.
28
Calculate the remainder when 133 is divided by 15.
13
What is the remainder when 369 is divided by 94?
87
Calculate the remainder when 7 is divided by 3.
1
Calculate the remainder when 23 is divided by 15.
8
What is the remainder when 143 is divided by 8?
7
Calculate the remainder when 238 is divided by 48.
46
Calculate the remainder when 163 is divided by 15.
13
Calculate the remainder when 5757 is divided by 240.
237
Calculate the remainder when 84 is divided by 74.
10
What is the remainder when 341 is divided by 35?
26
What is the remainder when 361 is divided by 13?
10
What is the remainder when 8349 is divided by 19?
8
What is the remainder when 58 is divided by 22?
14
Calculate the remainder when 534 is divided by 180.
174
Calculate the remainder when 165 is divided by 44.
33
What is the remainder when 22879 is divided by 110?
109
What is the remainder when 13696 is divided by 50?
46
Calculate the remainder when 3539 is divided by 23.
20
Calculate the remainder when 4094 is divided by 65.
64
Calculate the remainder when 7345 is divided by 39.
13
Calculate the remainder when 107 is divided by 44.
19
What is the remainder when 203 is divided by 21?
14
Calculate the remainder when 58 is divided by 25.
8
What is the remainder when 204 is divided by 11?
6
Calculate the remainder when 113 is divided by 49.
15
Calculate the remainder when 14017 is divided by 86.
85
Calculate the remainder when 133 is divided by 40.
13
Calculate the remainder when 146 is divided by 9.
2
What is the remainder when 3887 is divided by 139?
134
What is the remainder when 487 is divided by 35?
32
Calculate the remainder when 565 is divided by 71.
68
Calculate the remainder when 903 is divided by 184.
167
What is the remainder when 765 is divided by 24?
21
Calculate the remainder when 334 is divided by 110.
4
What is the remainder when 383 is divided by 43?
39
Calculate the remainder when 230 is divided by 8.
6
What is the remainder when 257 is divided by 43?
42
What is the remainder when 549 is divided by 11?
10
What is the remainder when 233 is divided by 59?
56
What is the remainder when 3306 is divided by 8?
2
Calculate the remainder when 406 is divided by 22.
10
What is the remainder when 758 is divided by 85?
78
What is the remainder when 31 is divided by 21?
10
What is the remainder when 148 is divided by 51?
46
What is the remainder when 40 is divided by 29?
11
What is the remainder when 5773 is divided by 15?
13
Calculate the remainder when 390 is divided by 9.
3
What is the remainder when 248 is divided by 1?
0
What is the remainder when 297 is divided by 26?
11
Calculate the remainder when 287 is divided by 12.
11
Calculate the remainder when 84 is divided by 18.
12
Calculate the remainder when 351 is divided by 175.
1
Calculate the remainder when 3190 is divided by 637.
5
Calculate the remainder when 12878 is divided by 70.
68
What is the remainder when 795 is divided by 232?
99
What is the remainder when 463 is divided by 151?
10
What is the remainder when 2967 is divided by 55?
52
Calculate the remainder when 117 is divided by 21.
12
Calculate the remainder when 17465 is divided by 142.
141
What is the remainder when 437 is divided by 203?
31
What is the remainder when 4522 is divided by 30?
22
Calculate the remainder when 25 is divided by 15.
10
What is the remainder when 179 is divided by 45?
44
Calculate the remainder when 142 is divided by 15.
7
What is the remainder when 4678 is divided by 36?
34
Calculate the remainder when 45 is divided by 26.
19
Calculate the remainder when 1164 is divided by 173.
126
What is the remainder when 8326 is divided by 98?
94
What is the remainder when 100 is divided by 33?
1
What is the remainder when 644 is divided by 183?
95
Calculate the remainder when 100 is divided by 34.
32
What is the remainder when 104 is divided by 21?
20
What is the remainder when 3742 is divided by 52?
50
What is the remainder when 2498 is divided by 119?
118
What is the remainder when 3113 is divided by 41?
38
What is the remainder when 791 is divided by 72?
71
Calculate the remainder when 82 is divided by 14.
12
Calculate the remainder when 151 is divided by 144.
7
What is the remainder when 2448 is divided by 23?
10
What is the remainder when 140 is divided by 13?
10
What is the remainder when 320 is divided by 320?
0
Calculate the remainder when 393 is divided by 81.
69
Calculate the remainder when 2088 is divided by 27.
9
What is the remainder when 504 is divided by 43?
31
What is the remainder when 101 is divided by 91?
10
What is the remainder when 123 is divided by 21?
18
Calculate the remainder when 559 is divided by 141.
136
Calculate the remainder when 295 is divided by 9.
7
What is the remainder when 432 is divided by 127?
51
Calculate the remainder when 54 is divided by 20.
14
Calculate the remainder when 69 is divided by 39.
30
What is the remainder when 163 is divided by 47?
22
What is the remainder when 172 is divided by 34?
2
What is the remainder when 14 is divided by 1?
0
Calculate the remainder when 291 is divided by 39.
18
What is the remainder when 15454 is divided by 336?
334
What is the remainder when 1795 is divided by 444?
19
What is the remainder when 513 is divided by 35?
23
What is the remainder when 2930 is divided by 82?
60
Calculate the remainder when 1247 is divided by 151.
39
Calculate the remainder when 206 is divided by 53.
47
Calculate the remainder when 665 is divided by 193.
86
Calculate the remainder when 4264 is divided by 225.
214
What is the remainder when 107 is divided by 63?
44
What is the remainder when 189 is divided by 45?
9
Calculate the remainder when 4645 is divided by 186.
181
Calculate the remainder when 9745 is divided by 62.
11
What is the remainder when 135 is divided by 29?
19
Calculate the remainder when 4120 is divided by 274.
10
What is the remainder when 229 is divided by 71?
16
Calculate the remainder when 4661 is divided by 88.
85
Calculate the remainder when 144 is divided by 24.
0
Calculate the remainder when 517 is divided by 13.
10
Calculate the remainder when 1425 is divided by 12.
9
Calculate the remainder when 803 is divided by 230.
113
What is the remainder when 521 is divided by 88?
81
Calculate the remainder when 709 is divided by 251.
207
What is the remainder when 366 is divided by 74?
70
What is the remainder when 350 is divided by 21?
14
Calculate the remainder when 313 is divided by 17.
7
Calculate the remainder when 50 is divided by 14.
8
What is the remainder when 2913 is divided by 108?
105
What is the remainder when 62 is divided by 19?
5
Calculate the remainder when 782 is divided by 79.
71
Calculate the remainder when 108 is divided by 45.
18
Calculate the remainder when 68 is divided by 5.
3
Calculate the remainder when 889 is divided by 89.
88
What is the remainder when 6828 is divided by 525?
3
Calculate the remainder when 4962 is divided by 146.
144
What is the remainder when 171 is divided by 57?
0
What is the remainder when 2816 is divided by 563?
1
What is the remainder when 70 is divided by 42?
28
What is the remainder when 893 is divided by 56?
53
Calculate the remainder when 7949 is divided by 39.
32
What is the remainder when 27 is divided by 10?
7
What is the remainder when 174 is divided by 35?
34
What is the remainder when 2589 is divided by 74?
73
Calculate the remainder when 30 is divided by 18.
12
Calculate the remainder when 1400 is divided by 178.
154
What is the remainder when 782 is divided by 4?
2
What is the remainder when 2078 is divided by 65?
63
Calculate the remainder when 7901 is divided by 304.
301
Calculate the remainder when 781 is divided by 114.
97
What is the remainder when 35 is divided by 23?
12
What is the remainder when 8508 is divided by 23?
21
What is the remainder when 3978 is divided by 10?
8
Calculate the remainder when 253 is divided by 37.
31
What is the remainder when 56 is divided by 12?
8
What is the remainder when 4350 is divided by 396?
390
Calculate the remainder when 7